598.
46
Calculate the highest common divisor of 43040 and 2355095.
1345
What is the greatest common divisor of 89408 and 42768?
176
Calculate the greatest common factor of 2687707 and 1793.
1793
Calculate the highest common divisor of 272268 and 4076.
4
What is the greatest common factor of 110984536 and 40?
8
Calculate the highest common factor of 14114476 and 1504.
188
Calculate the greatest common factor of 24192 and 19953.
27
What is the greatest common factor of 17388 and 162898512?
1932
Calculate the highest common factor of 627507540 and 54.
54
What is the greatest common factor of 304267872 and 1776?
1776
Calculate the highest common factor of 20 and 3966290.
10
Calculate the highest common divisor of 162 and 22204800.
54
What is the highest common divisor of 59 and 1877430622?
59
Calculate the greatest common factor of 886343 and 2412.
67
What is the highest common divisor of 47396 and 7568026?
1394
What is the highest common divisor of 356 and 204981596?
356
What is the greatest common factor of 216 and 343945656?
216
What is the greatest common divisor of 4566 and 248106?
6
What is the greatest common factor of 135 and 86719869?
27
What is the greatest common factor of 232603 and 4343?
101
What is the greatest common divisor of 114062 and 54158?
26
What is the greatest common divisor of 95 and 344975?
5
What is the highest common divisor of 47086 and 132106?
26
Calculate the greatest common factor of 171780630 and 152250.
6090
What is the greatest common divisor of 10228 and 76262525?
2557
Calculate the highest common factor of 9141 and 338547.
33
Calculate the highest common divisor of 72 and 172017252.
36
Calculate the greatest common divisor of 11193 and 790521.
123
What is the highest common factor of 631362242 and 2?
2
What is the greatest common factor of 46008607 and 51469?
4679
Calculate the highest common factor of 25747 and 185.
1
Calculate the greatest common divisor of 80433 and 597.
3
What is the greatest common divisor of 182 and 50228048?
26
Calculate the greatest common divisor of 142 and 1806382.
142
Calculate the highest common factor of 48290 and 97146310.
4390
What is the greatest common divisor of 763 and 26478389?
763
What is the highest common factor of 191850006 and 72?
6
What is the greatest common factor of 147205 and 12095?
295
What is the highest common factor of 25441091 and 5046?
841
What is the greatest common divisor of 11440878 and 169890?
4854
Calculate the greatest common divisor of 357580 and 1679980.
380
Calculate the greatest common factor of 462 and 99874278.
42
What is the highest common factor of 51961206 and 88?
22
Calculate the greatest common factor of 88595 and 117312.
611
What is the greatest common factor of 7137 and 5485181?
793
Calculate the greatest common factor of 7758 and 33543.
9
What is the greatest common factor of 10 and 137616?
2
Calculate the greatest common factor of 174 and 451164397.
29
Calculate the highest common factor of 65835 and 222750.
495
What is the greatest common divisor of 2916 and 89102997?
243
What is the highest common factor of 7562 and 21132009?
3781
Calculate the highest common divisor of 143 and 40151449.
13
What is the greatest common factor of 910 and 1524990?
10
What is the highest common factor of 3437606 and 45978?
158
Calculate the greatest common divisor of 2052 and 212404.
4
What is the greatest common divisor of 982070 and 750?
10
What is the greatest common divisor of 87489 and 170298?
9
What is the highest common divisor of 188036 and 16878?
58
What is the highest common divisor of 2849 and 5922609?
77
Calculate the highest common divisor of 12874 and 2128606.
314
What is the greatest common factor of 56925 and 9729?
207
Calculate the greatest common divisor of 2265210 and 4410.
90
Calculate the greatest common divisor of 203638 and 3509.
29
Calculate the highest common factor of 1278784 and 1118.
26
What is the greatest common divisor of 7893558 and 237?
3
Calculate the greatest common divisor of 63 and 87236863.
7
Calculate the greatest common factor of 8929077 and 6.
3
Calculate the highest common divisor of 180147008 and 16768.
8384
Calculate the highest common divisor of 4140 and 127508.
4
What is the greatest common divisor of 22 and 2056582?
22
What is the highest common divisor of 1050329 and 1954577?
661
What is the greatest common factor of 136588329 and 5913?
1971
What is the greatest common divisor of 38 and 320806?
2
Calculate the highest common divisor of 840 and 89061840.
840
Calculate the highest common divisor of 48181123 and 443.
443
Calculate the greatest common divisor of 12537738 and 17646.
102
What is the greatest common factor of 37793 and 224657789?
5399
Calculate the greatest common divisor of 16016 and 3606064.
1232
Calculate the highest common divisor of 4329 and 1019313.
333
What is the highest common factor of 510 and 119435370?
510
Calculate the highest common factor of 88 and 62625046.
22
Calculate the greatest common factor of 23025 and 17600.
25
What is the greatest common factor of 3003 and 1938482?
91
Calculate the highest common factor of 80 and 29162180.
20
Calculate the greatest common factor of 2864 and 273241352.
1432
What is the greatest common divisor of 32 and 714186208?
32
Calculate the greatest common factor of 1530207 and 154.
7
Calculate the highest common divisor of 25 and 13743560.
5
Calculate the highest common factor of 528660 and 1072170.
2970
Calculate the highest common divisor of 1906188229 and 11.
11
Calculate the greatest common factor of 491232 and 46716.
204
What is the highest common divisor of 24178 and 1816804?
3454
What is the highest common factor of 11811 and 1909191?
381
Calculate the highest common divisor of 38617510 and 10.
10
Calculate the greatest common divisor of 30699 and 1510315.
379
What is the highest common factor of 21516748 and 2930?
586
What is the highest common divisor of 40920 and 142577556?
4092
What is the highest common factor of 1536 and 224532?
12
What is the highest common factor of 6493 and 1849?
43
Calculate the highest common factor of 28 and 7971901.
7
What is the greatest common divisor of 72 and 538454754?
18
What is the highest common divisor of 2882690 and 8432?
1054
What is the highest common divisor of 210 and 178107990?
30
What is the greatest common divisor of 7146279 and 14931?
189
Calculate the greatest common factor of 84 and 20381403.
21
What is the greatest common divisor of 3715197 and 153?
51
Calculate the greatest common divisor of 27233 and 1525289.
241
Calculate the highest common divisor of 187850 and 2370667.
3757
Calculate the highest common divisor of 373785339 and 1641.
1641
What is the greatest common factor of 84 and 476534184?
84
Calculate the greatest common divisor of 440 and 6065120.
40
What is the highest common divisor of 1202312 and 98640?
1096
What is the highest common factor of 4829 and 212331130?
4829
Calculate the greatest common divisor of 7080462 and 576.
18
Calculate the greatest common divisor of 51 and 11006718.
51
Calculate the greatest common divisor of 170632870 and 10.
10
Calculate the greatest common factor of 5595 and 129028533.
1119
Calculate the highest common factor of 866008 and 18304.
1144
Calculate the greatest common divisor of 235 and 3898865.
5
Calculate the greatest common factor of 1120 and 3940640.
160
What is the greatest common factor of 1323 and 33150411?
1323
Calculate the greatest common factor of 59 and 915262693.
59
What is the greatest common factor of 69 and 323409578?
23
Calculate the highest common factor of 1812 and 112425540.
1812
Calculate the greatest common divisor of 1706095008 and 324.
108
Calculate the highest common divisor of 21106 and 33562.
346
Calculate the highest common factor of 364656904 and 25752.
8584
Calculate the highest common divisor of 10314887 and 363.
121
What is the greatest common divisor of 202742146 and 1626?
542
Calculate the greatest common divisor of 10520 and 25872888.
2104
Calculate the highest common factor of 1195790 and 330815.
3035
What is the highest common divisor of 1928086 and 2954942?
5462
What is the highest common factor of 347 and 18753615?
347
What is the greatest common divisor of 51 and 874504854?
51
Calculate the highest comm